 9, -5*d + l = -r. Let c(q) = -20*q - 19*q - 3 + 55*q - 14*q. Determine c(r).
5
Let k be ((-75)/10 - -8)*26. Let j(c) = -3*c + 9. Determine j(k).
-30
Let n(u) = u**2 + 6*u - 26. Let h be n(-9). Let z(q) = -6 + 2 - h - 17*q + 15*q. Give z(-7).
9
Let v(o) = 16*o + 39. Let y(q) = 9*q + 21. Let p(s) = -4*v(s) + 7*y(s). Calculate p(-9).
0
Let b(z) = -2*z**2 - 5*z**2 + 8*z + 2*z**2 + 2 - 4*z**3 + 3*z**3. Let d be b(-6). Let o be (-45)/d*4/6. Let f(y) = -y - 2. Give f(o).
-5
Suppose -62 = 2*k - 4*h, -2*k + k - 49 = 4*h. Let f = k + 38. Let r(y) = -9*y. Calculate r(f).
-9
Let i be (-5)/((-30)/19) - (-1)/(-6). Suppose 35 = 5*w - 3*r, i*w = 5*r - 6*r + 21. Let o(t) = -t**2 + 7*t + 8. What is o(w)?
8
Let d(k) = k**2 + 3*k + 1. Let u be (-6 + 9)*4/6. Let w(s) = -2*s**3 + 4*s**2 - 2*s - 2. Let c be w(u). What is d(c)?
19
Let h = -24 + 28. Suppose r = -h*r - 30. Let o(n) = -n**2 - 7*n - 6. Give o(r).
0
Let b(z) = z. Let n(f) = -6*f. Let p(j) = 9*b(j) + 3*n(j). What is p(-4)?
36
Let z be 3/15 - (-1044)/(-145). Let s(x) = 4*x + 18. Calculate s(z).
-10
Let z(x) = 3*x**3 + x**2 + x - 1. Let k(n) = 4*n**3 + n**2 + 2*n. Let o(s) = 2*k(s) - 3*z(s). What is o(-3)?
18
Let h(v) = -4*v - 5. Let d(m) = -2*m**2 - 9*m + 64. Let s be d(-8). What is h(s)?
-37
Let y be -9 - ((-9)/(-6))/(2/(-4)). Let w be 24/16*(2/y - -1). Let l(r) = -2*r**3 - 2*r**2 + 2*r - 1. What is l(w)?
-3
Suppose -12*l + 3 = -11*l. Suppose 4 = 3*h + 4*d, l*h + h - 2*d - 42 = 0. Let a(o) = o**2 - 11*o + 4. Give a(h).
-20
Let m(t) be the first derivative of -5 + t + 3/2*t**2. Calculate m(-5).
-14
Let m(i) = -4*i**3 - 4*i**2 + 4*i + 4. Let b(l) = -l**3 + l. Let f be (-42)/6 + 1*2. Let w(d) = f*b(d) + m(d). Determine w(3).
-8
Let h(d) = 17*d - 3. Let w(z) = 51*z - 8. Let r(f) = 11*h(f) - 4*w(f). Let n be r(-1). Let k be (12/n)/((-2)/8). Let q(u) = -2*u - 2. Determine q(k).
4
Let t(h) = -3*h**2 + 0*h + h**3 + 3*h**2 + h**2 - 3 + 4*h - 5*h. Suppose 0 = -5*z - 8 - 7. Determine t(z).
-18
Let t(j) be the second derivative of -9*j**5/20 - j**4/12 + j**3/6 + j**2/2 - j + 39. Let a = -3 - -3. Suppose -3*r - 3 + 0 = a. Give t(r).
8
Let u be -1 + -1*(0 - 3). Suppose 2*d = -u*d - 4. Let c(h) = 6*h**2 - 2*h - 1. Determine c(d).
7
Let a(j) = -22*j + 5. Let w be a(-1). Suppose 0*n - 9*n - w = 0. Let v(u) = u**2 + 3*u + 2. Give v(n).
2
Let f(l) = 2*l + 14. Let d(r) = -5*r - 33. Let c(z) = -3*d(z) - 7*f(z). Give c(1).
2
Let k(o) = -9*o + 2. Suppose -9 - 3 = 12*t. Determine k(t).
11
Let q = -1905 - -1912. Let j(z) = z**2 - 12*z - 9. Give j(q).
-44
Let o = 4 + -67. Let u be (-2)/(-4) + o/18. Let t(a) = 6 - 2 + 3*a - 12*a**2 + 13*a**2. What is t(u)?
4
Let r(z) = -z - 7. Suppose 2*l - 30 = 5*k - 0*k, -5*l - 18 = 3*k. Calculate r(k).
-1
Let p(z) = -81*z + 40 + 80*z - 46. Give p(-7).
1
Let t(q) = q**3 - 7*q**2 + 3*q + 7. Let o be ((30/36)/((-4)/(-24)))/1. Give t(o).
-28
Let g(l) = -8*l. Let c be g(3). Let i be 32/c*(-2 + 5). Let a(n) = -n**2 - 3*n + 4. Give a(i).
0
Let q(w) = -2*w + 3. Let u be 2/13 + 240/130. Let j(a) = 5*a - 9. Let b(k) = u*j(k) + 7*q(k). Give b(-4).
19
Let z = -125 + 122. Let v(l) = -7*l**2 - 7*l - 5. Let s(a) = -20*a**2 - 20*a - 14. Let o(k) = 6*s(k) - 17*v(k). Give o(z).
-5
Let f(k) = -8*k + 2*k**2 + 0*k + 11 + 5*k**2 - 6*k**2. Let x be f(7). Let i(q) = -6*q + 5. Determine i(x).
-19
Let x(i) = i**2 + 8*i + 8. Suppose k - 3*f = 2*k - 8, -3*f = -4*k + 47. Let p be -1 + 1 + 4 - k. Determine x(p).
1
Let t(c) = -10*c - 13. Let s(x) = 2*x + 2. Let j(z) = 4*s(z) + t(z). Calculate j(-2).
-1
Let i(o) = 10 + o - 8 + 16 + 23 - 5*o. Calculate i(10).
1
Suppose 2*p = -4 - 2. Let q(w) = -3*w**2 - 3 + 0*w**2 + 4*w**3 - 3*w**3 - 2*w**3. Calculate q(p).
-3
Let y be (-2)/(-6) + (-4)/3. Let z(a) be the first derivative of 26*a**3/3 + a**2/2 - 64. What is z(y)?
25
Suppose 0 = -33*k - 38 - 61. Let s(q) = q - 5 + 4 + 4. Determine s(k).
0
Let v(j) be the third derivative of j**6/120 + j**5/15 - 5*j**4/8 - 3*j**3/2 + 9*j**2. Give v(-6).
9
Let o(u) be the third derivative of 0 - 31*u**2 + 1/24*u**4 + 4/3*u**3 + 0*u. Give o(-6).
2
Let q(x) = x**3 + x**2 - 2. Let i(d) = -9*d**3 - 3*d**2 - d + 5. Let v(y) = -i(y) - 3*q(y). Let m be 3/(-6) + 6/4. Let r be 2*m*3/(-6). What is v(r)?
-6
Let h(f) = -2*f**2 - 6*f + 79. Let s be h(5). Let t(a) = 9*a**3 - 2*a - 1. What is t(s)?
-8
Let i(w) = -7*w**2 + 10*w - 5. Let p(s) = -15*s**2 + 18*s - 7. Let o(g) = 13*i(g) - 6*p(g). Determine o(21).
-2
Let h(q) = -q**2 - 9*q - 15. Let g be h(-6). Suppose -2*l = -g + 13. Let y(a) = 3*a - 2*a - 1 + 4. Determine y(l).
-2
Let c(o) = -4*o - 3. Let h be 3 + 6/4*-4. Calculate c(h).
9
Let l = 1129 + -1122. Let j(g) = g - 9. Determine j(l).
-2
Suppose 3*s = 8*s - 45. Suppose s*z = -28 - 35. Let t(d) = 3*d + 1. Calculate t(z).
-20
Let u(h) = -h + 2. Let k be u(6). Let f be (5 + -7 + 1)/(13/(-52)). Let v = k + f. Let t(j) = -j**2 + 2. What is t(v)?
2
Let l(x) = x**3 + 1. Suppose 4*a - 26 = 2*m, 0 = -5*a + 5*m - 20 + 65. Let o(c) = 3*c**3 - 3*c**2 - c + 4. Let b(r) = a*l(r) - o(r). Calculate b(-2).
2
Let v(y) = 5*y - 24. Let w be v(9). Suppose -w = -3*b - 9. Let u(a) = 2*a - 4. Calculate u(b).
4
Let b be 4 + (-4 - (1 - 5)). Suppose -3*p - x - 1 = 0, 4*p - 3*p + b*x - 18 = 0. Let w(o) = -2*o. Calculate w(p).
4
Let h(b) = -b**2 + 3*b + 5. Suppose -m - 192 = 11*m. Suppose 41 = -3*v - 0*a - a, a = -4*v - 53. Let g = v - m. Give h(g).
1
Let i(f) = -7*f. Let m(j) = 11*j. Let n(c) = 8*i(c) + 5*m(c). Let l(z) = -z + 4. Let u(w) = -l(w) + 2*n(w). Determine u(0).
-4
Let c(s) = -7*s**2 + 2*s + 2. Let g = 418 - 416. Give c(g).
-22
Let w(k) = -2*k**3 - 39*k**2 - 18*k + 16. Let n be (-2522)/130 + 6/15. Calculate w(n).
-3
Let l(n) = 21*n. Let x(q) = -81*q. Let d(j) = -4*l(j) - x(j). Let m = 10 - 7. Suppose m*k + 8 = k. What is d(k)?
12
Let z(d) be the first derivative of 2*d**3 - d**2 + d - 4. Let w be z(2). Suppose p - 3*p + 13 = 3*x, -5*x - 3*p + w = 0. Let v(m) = m - 4. Determine v(x).
-1
Let k(d) = -5*d - 11. Suppose -i - q = -2, 19*q + 22 = -4*i + 21*q. Give k(i).
4
Let t = -171 + 168. Let i(y) = y**3 + 2*y**2 - 2*y + 2. Calculate i(t).
-1
Let l(m) be the second derivative of 14*m + 1/2*m**2 + 0 - 1/6*m**3 + 1/12*m**4. Give l(0).
1
Let v(b) = 5*b**2 + b + 1. Let g(u) = -u**3 - 16*u**2 - 1. Let i(x) = -2*x**3 + 31*x**2 - 14*x - 31. Let f be i(15). Let d be g(f). Give v(d).
5
Let t(y) be the first derivative of 13*y**2 + y + 74. Calculate t(-2).
-51
Let o(x) = x**2 - 3*x. Let q be o(2). Let a(s) = -s**3 - 5*s**2 - 3*s. Let m(z) = -z**3 - z**2 + z. Let f(t) = q*m(t) + a(t). Let v = -8 - -12. Give f(v).
-4
Let i(p) = 3*p - 22. Let m be i(8). Suppose 3*s + m = -k + 17, 23 = 2*s + 5*k. Let l(x) = 4*x + 1. Give l(s).
17
Suppose -23*p + 22*p - 8 = 2*c, 2*c + 8 = 2*p. Let h(k) = k**2 + 6*k + 5. What is h(c)?
-3
Let y = 0 - 6. Let v be 1*(-3)/(-4)*4. Let m(d) = d + 0*d - v - d + d. Determine m(y).
-9
Let d(g) = g**3 + 2*g**2 - 2*g. Suppose 3*i + 16 = -5*h, 3*i = -6*h + 11*h + 4. Calculate d(i).
4
Let g(m) = -7*m**3 + m**2 - m. Let q be g(-1). Let v(l) = 3 + 7*l + 8*l**2 - 6 - q*l**2 - 2. Give v(6).
1
Let u be ((-1)/(-2))/(5/20). Suppose 4 = 4*d - 16. Let r(s) = 3*s. Let z(j) = -3*j. Let i(v) = d*z(v) + 6*r(v). Give i(u).
6
Let b(n) = n**2 - 14*n + 2. Let y be b(14). Suppose -2*v - 10 - y = 0. Let u(p) = p + 2. Give u(v).
-4
Let v(p) be the second derivative of p**3/2 + 3*p**2 + 142*p. Suppose w - 5 = d, -5*d = -2*w + 41 - 16. Suppose -2*b = -w*b + 8. Calculate v(b).
-6
Let o(f) = -3*f**2 - 6*f + 7. Let i(u) be the second derivative of u**4/12 + u**3/6 - u. Suppose y + 34 - 36 = 0. Let z(r) = y*i(r) + o(r). Determine z(-6).
-5
Let v(r) = 14*r + 62. Let l be v(-4). Let j(d) = -6*d + 13. Let p(u) = -u + 1. Let y(f) = -j(f) + 5*p(f). Calculate y(l).
-2
Let p(i) = 118*i - 353. Let a be p(3). Let c(s) = -18*s - 1. What is c(a)?
-19
Let g(c) = 3*c**3 - 16*c**2 - 6*c. Let m(h) = 5*h**3 - 19*h**2 - 7*h - 1. Let x(n) = -3*g(n) + 2*m(n). What is x(-9)?
43
Let r(j) = -30*j - 333. Let n(s) = 7*s + 77. Let l(m) = 26*n(m) + 6*r(m). Suppose 0*v - v = 4*u + 4, 2*u = 3*v + 12. Calculate l(v).
-4
Let o be (-3)/(-27)*3 + (-24)/(-9). Suppose o*m - 2*l + 38 = 2*l, 2*m + 5*l - 13 = 0. Let q(p) = -p - 8. Give q(m).
-2
Suppose -2*t - 4*r = 22, 1785*r - 1784*r = -5*t - 1. Let w(s) be the second derivative 